{"id":1657,"date":"2022-05-12T18:30:10","date_gmt":"2022-05-12T16:30:10","guid":{"rendered":"https:\/\/romantikus-ajandek.hu\/?page_id=1657"},"modified":"2022-05-16T22:09:20","modified_gmt":"2022-05-16T20:09:20","slug":"altalanos-szerzodesi-feltetelek","status":"publish","type":"page","link":"https:\/\/romantikus-ajandek.hu\/mentes\/altalanos-szerzodesi-feltetelek\/","title":{"rendered":"\u00c1ltal\u00e1nos Szerz\u0151d\u00e9si Felt\u00e9telek"},"content":{"rendered":"\t\t<div data-elementor-type=\"wp-page\" data-elementor-id=\"1657\" class=\"elementor elementor-1657\" data-elementor-settings=\"[]\">\n\t\t\t\t\t\t<div class=\"elementor-inner\">\n\t\t\t\t\t\t\t<div class=\"elementor-section-wrap\">\n\t\t\t\t\t\t\t<section class=\"elementor-section elementor-top-section elementor-element elementor-element-90efd75 elementor-section-boxed elementor-section-height-default elementor-section-height-default\" data-id=\"90efd75\" data-element_type=\"section\">\n\t\t\t\t\t\t<div class=\"elementor-container elementor-column-gap-default\">\n\t\t\t\t\t\t\t<div class=\"elementor-row\">\n\t\t\t\t\t<div class=\"elementor-column elementor-col-100 elementor-top-column elementor-element elementor-element-d7e5f5f\" data-id=\"d7e5f5f\" data-element_type=\"column\">\n\t\t\t<div class=\"elementor-column-wrap elementor-element-populated\">\n\t\t\t\t\t\t\t<div class=\"elementor-widget-wrap\">\n\t\t\t\t\t\t<div class=\"elementor-element elementor-element-c0cfa48 elementor-widget elementor-widget-text-editor\" data-id=\"c0cfa48\" data-element_type=\"widget\" data-widget_type=\"text-editor.default\">\n\t\t\t\t<div class=\"elementor-widget-container\">\n\t\t\t\t\t<div class=\"elementor-text-editor elementor-clearfix\"><div class=\"fl-module fl-module-heading fl-node-5ec51b09501a7\" data-node=\"5ec51b09501a7\"><div class=\"fl-module-content fl-node-content\"><h1 class=\"fl-heading\"><span class=\"fl-heading-text\">Fizet\u00e9si- \u00e9s lemond\u00e1si felt\u00e9telek<\/span><\/h1><\/div><\/div><div class=\"fl-module fl-module-heading fl-node-5ec51b7dd284d\" data-node=\"5ec51b7dd284d\"><div class=\"fl-module-content fl-node-content\"><h3 class=\"fl-heading\"><span class=\"fl-heading-text\">1. Megrendel\u00e9s<\/span><\/h3><\/div><\/div><div class=\"fl-module fl-module-rich-text fl-node-5ec5186bd4f9d\" data-node=\"5ec5186bd4f9d\"><div class=\"fl-module-content fl-node-content\"><div class=\"fl-rich-text\"><div class=\"fl-module fl-module-rich-text fl-node-5ec78a574938d\" data-node=\"5ec78a574938d\"><div class=\"fl-module-content fl-node-content\"><div class=\"fl-rich-text\"><p class=\"p1\">1.1 Munkat\u00e1rsunk \u00edr\u00e1sban vagy telefonban adott \u00e1raj\u00e1nlat\u00e1ra a vend\u00e9g r\u00e9sz\u00e9r\u0151l \u00edr\u00e1sbeli megrendel\u00e9s<\/p><p class=\"p1\">szu\u0308ks\u00e9ges. Ezzel a megrendel\u0151vel a vend\u00e9g elfogadja a sz\u00e1lloda fizet\u00e9si \u00e9s lemond\u00e1si felt\u00e9teleit, valamint<\/p><p class=\"p1\">az \u00c1ltal\u00e1nos Szerz\u0151d\u00e9s Felt\u00e9teleket. A megrendel\u0151nek tartalmaznia kell az \u00e9rkez\u00e9s, t\u00e1voz\u00e1s d\u00e1tum\u00e1t,<\/p><p class=\"p1\">vend\u00e9gek nev\u00e9t \u00e9s gyermekek eset\u00e9n a szu\u0308let\u00e9si d\u00e1tumukat. Munkat\u00e1rsaink a megrendel\u0151 alapj\u00e1n<\/p><p class=\"p1\">v\u00e9gleges\u00edtik a foglal\u00e1st, \u00e9s err\u0151l visszaigazol\u00e1st k\u00e9sz\u00edtenek.<\/p><\/div><\/div><\/div><\/div><\/div><\/div><div class=\"fl-module fl-module-heading fl-node-5ec51b990ff7a\" data-node=\"5ec51b990ff7a\"><div class=\"fl-module-content fl-node-content\"><h3 class=\"fl-heading\"><span class=\"fl-heading-text\">2. Megrendel\u00e9s lemond\u00e1sa<\/span><\/h3><\/div><\/div><div class=\"fl-module fl-module-rich-text fl-node-5ec51bdba8af2\" data-node=\"5ec51bdba8af2\"><div class=\"fl-module-content fl-node-content\"><div class=\"fl-rich-text\"><div class=\"fl-module fl-module-rich-text fl-node-5ec78a86ecefd\" data-node=\"5ec78a86ecefd\"><div class=\"fl-module-content fl-node-content\"><div class=\"fl-rich-text\"><p class=\"p1\">2.1 A megrendel\u00e9s lemond\u00e1sa \u00edr\u00e1sban t\u00f6rt\u00e9nik.\u00a0A foglal\u00e1st k\u00f6vet\u0151en k\u00f6tb\u00e9rmentes lemond\u00e1s nem lehets\u00e9ges, ebben az esetben a foglal\u00f3 \u00f6sszege k\u00f6tb\u00e9rnek min\u0151s\u00fcl \u00e9s nem visszat\u00e9r\u00edthet\u0151.<\/p><p class=\"p1\">2.2 A szobafoglal\u00e1s az els\u0151 foglal\u00f3fizet\u00e9si hat\u00e1rid\u0151ig storn\u00f3k\u00f6lts\u00e9g n\u00e9lku\u0308l lemondhat\u00f3.<\/p><p class=\"p2\"><span class=\"s1\">2.3\u00a0<\/span>A befizetett \u00f6sszeg foglal\u00f3nak min\u0151su\u0308l. A befizetett \u00f6sszeg foglal\u00f3nak min\u0151su\u0308l, fu\u0308ggetlenu\u0308l att\u00f3l, hogy<\/p><p class=\"p2\">a k\u00e9rt 30% vagy ann\u00e1l nagyobb \u00f6sszeg keru\u0308lt befizet\u00e9sre.<\/p><p class=\"p1\">2.4 \u00c9rkez\u00e9s el\u0151tti napt\u00f3l illetve ha foglal\u00e1s napj\u00e1n el\u0151zetes jelz\u00e9s n\u00e9lku\u0308l nem \u00e9rkezik meg a vend\u00e9g:\u00a0<span class=\"s2\">a<\/span><\/p><p class=\"p2\">befizetett foglal\u00f3 teljes \u00f6sszege k\u00f6tb\u00e9rk\u00e9nt keru\u0308l felsz\u00e1mol\u00e1sra<\/p><p class=\"p1\">2.5 Ha a Szerz\u0151d\u0151 f\u00e9l a sz\u00e1ll\u00e1s-szolg\u00e1ltat\u00e1sok ig\u00e9nybev\u00e9tel\u00e9t foglal\u00f3fizet\u00e9ssel, hitelk\u00e1rtya garanci\u00e1val,<\/p><p class=\"p1\">vagy m\u00e1s Szerz\u0151d\u00e9sben foglalt m\u00f3don biztos\u00edtotta, \u00e9s az \u00e9rkez\u00e9si napon helyi id\u0151 szerint 18:00 \u00f3r\u00e1ig nem<\/p><p class=\"p1\">\u00e9rkezik meg, vagy nem jelzi el\u0151re, hogy enn\u00e9l k\u00e9s\u0151bbi id\u0151pontban \u00e9rkezik, a Szolg\u00e1ltat\u00f3 a Szerz\u0151d\u00e9sben<\/p><p class=\"p1\">meghat\u00e1rozott m\u00e9rt\u00e9k\u0171, de legal\u00e1bb egy napi sz\u00e1ll\u00e1sd\u00edjat k\u00f6tb\u00e9rk\u00e9nt \u00e9rv\u00e9nyes\u00edt. Ebben az esetben a sz\u00e1ll\u00e1st<\/p><p class=\"p1\">a Szerz\u0151d\u0151 f\u00e9l r\u00e9sz\u00e9re az \u00e9rkez\u00e9si napot k\u00f6vet\u0151 nap 10:00 \u00f3r\u00e1ig fenntartja, majd ezt k\u00f6vet\u0151en a Szolg\u00e1ltat\u00f3<\/p><p class=\"p1\">szolg\u00e1ltat\u00e1si k\u00f6telezetts\u00e9ge megsz\u0171nik.<\/p><p class=\"p1\">2.6 Egyedi \u00e9s akci\u00f3s aj\u00e1nlatok eset\u00e9ben lemond\u00e1si felt\u00e9telek az aj\u00e1nlatban szerepl\u0151 felt\u00e9tek szerint<\/p><p class=\"p1\">alakulnak.<\/p><p class=\"p1\">2.7 A lefoglalt, de a Vend\u00e9g sz\u00e1llod\u00e1ban val\u00f3 tart\u00f3zkod\u00e1sa alatt ig\u00e9nybe nem vett, illetve m\u00f3dos\u00edtott<\/p><p class=\"p1\">szolg\u00e1ltat\u00e1sok (sz\u00e1ll\u00e1s, \u00e9tkez\u00e9s, kezel\u00e9sek, stb.) p\u00e9nzbeli visszat\u00e9r\u00edt\u00e9s\u00e9re nincs lehet\u0151s\u00e9g.<\/p><p class=\"p1\">2.8 A Szolg\u00e1ltat\u00f3 speci\u00e1lis kond\u00edci\u00f3khoz k\u00f6t\u00f6tt term\u00e9keinek foglal\u00e1sa, csoportos utaz\u00e1s, vagy<\/p><p class=\"p1\">rendezv\u00e9nyek eset\u00e9n, a fentiekt\u0151l elt\u00e9r\u0151, egyedi Szerz\u0151d\u00e9sben r\u00f6gz\u00edtett felt\u00e9teleket \u00e1llap\u00edthat meg.<\/p><\/div><\/div><\/div><\/div><\/div><\/div><div class=\"fl-module fl-module-heading fl-node-5ec51c3686005\" data-node=\"5ec51c3686005\"><div class=\"fl-module-content fl-node-content\"><h3 class=\"fl-heading\"><span class=\"fl-heading-text\">3. Megrendel\u00e9s m\u00f3dos\u00edt\u00e1sa<\/span><\/h3><\/div><\/div><div class=\"fl-module fl-module-rich-text fl-node-5ec51c4e91e9b\" data-node=\"5ec51c4e91e9b\"><div class=\"fl-module-content fl-node-content\"><div class=\"fl-rich-text\"><div class=\"fl-module fl-module-heading fl-node-5ec78a96e2f7a\" data-node=\"5ec78a96e2f7a\"><div class=\"fl-module-content fl-node-content\"><h3 class=\"fl-heading\"><span class=\"fl-heading-text\">\u00a0<\/span><\/h3><\/div><\/div><div class=\"fl-module fl-module-rich-text fl-node-5ec78aa902ca6\" data-node=\"5ec78aa902ca6\"><div class=\"fl-module-content fl-node-content\"><div class=\"fl-rich-text\"><p class=\"p1\">3.1 M\u00e1r v\u00e9gleges\u00edtett \u00e9s visszaigazolt foglal\u00e1s m\u00e1s d\u00e1tumra t\u00f6rt\u00e9n\u0151 \u00e1thelyez\u00e9s\u00e9re, szobat\u00edpus vagy a<\/p><p class=\"p1\">l\u00e9tsz\u00e1m m\u00f3dos\u00edt\u00e1s\u00e1ra az aktu\u00e1lisan \u00e9rv\u00e9nyben l\u00e9v\u0151 \u00e1rak \u00e9s a szabad kapacit\u00e1s fu\u0308ggv\u00e9ny\u00e9ben az al\u00e1bbi<\/p><p class=\"p1\">felt\u00e9telek szerint van lehet\u0151s\u00e9g:<\/p><p class=\"p1\">&#8211; M\u00f3dos\u00edt\u00e1s eset\u00e9n a befizetett foglal\u00f3 adott napt\u00e1ri \u00e9vben haszn\u00e1lhat\u00f3 fel, de maximum 90 napon belu\u0308l.<\/p><p>&#8211; Helysz\u00ednen t\u00f6rt\u00e9n\u0151 \u00e9jcs\u00f6kkent\u00e9s, lemond\u00e1s, vagy meg nem \u00e9rkez\u00e9s eset\u00e9n a foglal\u00e1s teljes \u00f6sszege k\u00f6tb\u00e9rk\u00e9nt felsz\u00e1m\u00edt\u00e1sra ker\u00fcl.<\/p><p class=\"p1\">A m\u00f3dos\u00edt\u00e1s d\u00edja:<\/p><p class=\"p1\"><span class=\"s1\">\u2022\u00a0<\/span>\u00e9rkez\u00e9s el\u0151tti 45. napig d\u00edjmentes<\/p><p class=\"p1\"><span class=\"s1\">\u2022\u00a0<\/span>az \u00e9rkez\u00e9s el\u0151tti 44. napt\u00f3l 15. napig 4.000 Ft\/szoba\/alkalom<\/p><p class=\"p1\"><span class=\"s1\">\u2022\u00a0<\/span>\u00e9rkez\u00e9s el\u0151tt 14-2 napon belu\u0308l 10.000 Ft<\/p><p class=\"p2\"><span class=\"s1\">\u2022\u00a0<\/span>\u00e9rkez\u00e9s el\u0151tti vagy az \u00e9rkez\u00e9s napj\u00e1n a befizetett foglal\u00f3 teljes \u00f6sszege k\u00f6tb\u00e9rk\u00e9nt keru\u0308l<\/p><p class=\"p2\">felsz\u00e1mol\u00e1sra<\/p><p class=\"p1\">3.2 T\u00f6rzsvend\u00e9geinknek (akik legal\u00e1bb m\u00e1r h\u00e1romszor j\u00e1rtak n\u00e1lunk), \u00e9rkez\u00e9s el\u0151tt 15 napig<\/p><p class=\"p1\">foglal\u00e1sonk\u00e9nt 1 m\u00f3dos\u00edt\u00e1s ingyenes.<\/p><p class=\"p1\">3.3 Egyedi \u00e9s akci\u00f3s aj\u00e1nlatok eset\u00e9ben az aj\u00e1nlatban szerepl\u0151 m\u00f3dos\u00edt\u00e1si felt\u00e9telek az ir\u00e1nyad\u00f3ak<\/p><\/div><\/div><\/div><\/div><\/div><\/div><div class=\"fl-module fl-module-heading fl-node-5ec51c75973ec\" data-node=\"5ec51c75973ec\"><div class=\"fl-module-content fl-node-content\"><h3 class=\"fl-heading\"><span class=\"fl-heading-text\">4. Fizet\u00e9si felt\u00e9telek<\/span><\/h3><\/div><\/div><div class=\"fl-module fl-module-rich-text fl-node-5ec51c9b482e0\" data-node=\"5ec51c9b482e0\"><div class=\"fl-module-content fl-node-content\"><div class=\"fl-rich-text\"><div class=\"fl-module fl-module-rich-text fl-node-5ec78ad3b97ee\" data-node=\"5ec78ad3b97ee\"><div class=\"fl-module-content fl-node-content\"><div class=\"fl-rich-text\"><p class=\"p1\">4.1 Az u\u0308du\u0308l\u00e9s teljes \u00f6sszeg\u00e9nek 30%-\u00e1t a Szolg\u00e1ltat\u00f3 \u00e1ltal ku\u0308ld\u00f6tt visszaigazol\u00e1s ut\u00e1n 8 napt\u00e1ri napon belu\u0308l<\/p><p class=\"p1\">k\u00e9rju\u0308k foglal\u00f3k\u00e9nt postai csekken vagy \u00e1tutal\u00e1ssal befizetni, \u00e9s a foglal\u00f3fizet\u00e9si utalv\u00e1nyr\u00f3l (n\u00e9v, c\u00edm,<\/p><p class=\"p1\">rendel\u00e9si sz\u00e1m, illetve \u00e1f\u00e1s sz\u00e1mla ig\u00e9ny eset\u00e9n ad\u00f3sz\u00e1m \u00e9s ki\u00e1ll\u00edt\u00e1si c\u00edm feltu\u0308ntet\u00e9s\u00e9vel) egy m\u00e1solatot a<\/p><p class=\"p1\">Szolg\u00e1ltat\u00f3 r\u00e9sz\u00e9re elku\u0308ldeni.<\/p><p class=\"p1\">4.2 Amennyiben a foglal\u00e1s \u00e9s az \u00e9rkez\u00e9s k\u00f6z\u00f6tt\u00a0<span class=\"s1\">14-4\u00a0<\/span>nap telik el, a foglal\u00f3t 3 napt\u00e1ri napon belu\u0308l k\u00e9rju\u0308k<\/p><p class=\"p1\">befizetni.<\/p><p class=\"p1\">4.3 Amennyiben a foglal\u00e1s \u00e9s az \u00e9rkez\u00e9s k\u00f6z\u00f6tt\u00a0<span class=\"s1\">3\u00a0<\/span>nap vagy ann\u00e1l r\u00f6videbb id\u0151 telik el, a vend\u00e9g a teljes<\/p><p class=\"p1\">\u00f6sszeget \u00e9rkez\u00e9skor a recepci\u00f3n egyenl\u00edti ki.<\/p><p class=\"p1\">4.4 Speci\u00e1lis aj\u00e1nlatok eset\u00e9n a fizet\u00e9si felt\u00e9telek v\u00e1ltozhatnak, melyet az \u00edr\u00e1sban megku\u0308ld\u00f6tt<\/p><p class=\"p1\">visszaigazol\u00e1s tartalmaz.<\/p><p class=\"p1\">4.6 Elfogadott fizet\u0151eszk\u00f6z\u00f6k: K\u00e9szp\u00e9nz, \u00e1tutal\u00e1s, bankk\u00e1rtya, Sz\u00e9chenyi Pihen\u0151 K\u00e1rtya<\/p><p class=\"p1\">4.7 B\u00e1rmely fizet\u00e9si m\u00f3d alkalmaz\u00e1s\u00e1val kapcsolatos k\u00f6lts\u00e9g a Szerz\u0151d\u0151 felet, illetve annak SZ\u00c9P<\/p><p class=\"p1\">k\u00e1rty\u00e1j\u00e1t\/hitelk\u00e1rty\u00e1j\u00e1t terheli.<\/p><p class=\"p1\">Utaz\u00e1si irod\u00e1k \/ Tour operatorok \/ OTA-k \/ Egyu\u0308ttm\u0171k\u00f6d\u0151 partnerek:<\/p><p class=\"p1\">A szolg\u00e1ltat\u00f3val k\u00f6t\u00f6tt szerz\u0151d\u00e9s tartalmazza az egyedi fizet\u00e9si felt\u00e9teleket.<\/p><p class=\"p1\">4.8 Aj\u00e1nd\u00e9kutalv\u00e1ny: Az aj\u00e1nd\u00e9kutalv\u00e1ny csak a rajta meghat\u00e1rozott \u00e9rv\u00e9nyess\u00e9gi id\u0151n belu\u0308l \u00e9s \u00e9rt\u00e9kben a<\/p><p class=\"p1\">szabad kapacit\u00e1sok fu\u0308ggv\u00e9ny\u00e9ben haszn\u00e1lhat\u00f3 fel. A bev\u00e1lt\u00e1si id\u0151n t\u00fal az utalv\u00e1ny \u00e9rv\u00e9nyess\u00e9g\u00e9t veszti.<\/p><\/div><\/div><\/div><\/div><\/div><\/div><div class=\"fl-module fl-module-heading fl-node-5ec51ca9cc8a0\" data-node=\"5ec51ca9cc8a0\"><div class=\"fl-module-content fl-node-content\"><h3 class=\"fl-heading\"><span class=\"fl-heading-text\">5. Banksz\u00e1mla<\/span><\/h3><\/div><\/div><div class=\"fl-module fl-module-rich-text fl-node-5ec51cc8ec340\" data-node=\"5ec51cc8ec340\"><div class=\"fl-module-content fl-node-content\"><div class=\"fl-rich-text\"><p class=\"p1\"><span class=\"s1\">\u2022\u00a0<\/span>Raiffeisen Bank Zrt, 12056008-00170602-00100003<\/p><p class=\"p1\"><span class=\"s1\">\u2022\u00a0<\/span>IBAN sz\u00e1m: HU52 12056008-00170602-00100003<\/p><\/div><\/div><\/div><\/div>\n\t\t\t\t<\/div>\n\t\t\t\t<\/div>\n\t\t\t\t\t\t<\/div>\n\t\t\t\t\t<\/div>\n\t\t<\/div>\n\t\t\t\t\t\t\t\t<\/div>\n\t\t\t\t\t<\/div>\n\t\t<\/section>\n\t\t\t\t\t\t<\/div>\n\t\t\t\t\t\t<\/div>\n\t\t\t\t\t<\/div>\n\t\t","protected":false},"excerpt":{"rendered":"<p>Fizet\u00e9si- \u00e9s lemond\u00e1si felt\u00e9telek 1. Megrendel\u00e9s 1.1 Munkat\u00e1rsunk \u00edr\u00e1sban vagy telefonban adott \u00e1raj\u00e1nlat\u00e1ra a vend\u00e9g r\u00e9sz\u00e9r\u0151l \u00edr\u00e1sbeli megrendel\u00e9s szu\u0308ks\u00e9ges. Ezzel a megrendel\u0151vel a vend\u00e9g elfogadja a sz\u00e1lloda fizet\u00e9si \u00e9s lemond\u00e1si felt\u00e9teleit, valamint az \u00c1ltal\u00e1nos Szerz\u0151d\u00e9s Felt\u00e9teleket. A megrendel\u0151nek tartalmaznia kell az \u00e9rkez\u00e9s, t\u00e1voz\u00e1s d\u00e1tum\u00e1t, vend\u00e9gek nev\u00e9t \u00e9s gyermekek eset\u00e9n a szu\u0308let\u00e9si d\u00e1tumukat. Munkat\u00e1rsaink a megrendel\u0151 &#8230; <a title=\"\u00c1ltal\u00e1nos Szerz\u0151d\u00e9si Felt\u00e9telek\" class=\"read-more\" href=\"https:\/\/romantikus-ajandek.hu\/mentes\/altalanos-szerzodesi-feltetelek\/\" aria-label=\"More on \u00c1ltal\u00e1nos Szerz\u0151d\u00e9si Felt\u00e9telek\">Read more<\/a><\/p>\n","protected":false},"author":2,"featured_media":0,"parent":0,"menu_order":0,"comment_status":"closed","ping_status":"closed","template":"elementor_header_footer","meta":[],"_links":{"self":[{"href":"https:\/\/romantikus-ajandek.hu\/mentes\/wp-json\/wp\/v2\/pages\/1657"}],"collection":[{"href":"https:\/\/romantikus-ajandek.hu\/mentes\/wp-json\/wp\/v2\/pages"}],"about":[{"href":"https:\/\/romantikus-ajandek.hu\/mentes\/wp-json\/wp\/v2\/types\/page"}],"author":[{"embeddable":true,"href":"https:\/\/romantikus-ajandek.hu\/mentes\/wp-json\/wp\/v2\/users\/2"}],"replies":[{"embeddable":true,"href":"https:\/\/romantikus-ajandek.hu\/mentes\/wp-json\/wp\/v2\/comments?post=1657"}],"version-history":[{"count":7,"href":"https:\/\/romantikus-ajandek.hu\/mentes\/wp-json\/wp\/v2\/pages\/1657\/revisions"}],"predecessor-version":[{"id":1888,"href":"https:\/\/romantikus-ajandek.hu\/mentes\/wp-json\/wp\/v2\/pages\/1657\/revisions\/1888"}],"wp:attachment":[{"href":"https:\/\/romantikus-ajandek.hu\/mentes\/wp-json\/wp\/v2\/media?parent=1657"}],"curies":[{"name":"wp","href":"https:\/\/api.w.org\/{rel}","templated":true}]}}